{"id":14,"date":"2018-08-07T21:06:45","date_gmt":"2018-08-08T03:06:45","guid":{"rendered":"https:\/\/urseva.urse.edu.mx\/?page_id=14"},"modified":"2019-01-24T12:14:17","modified_gmt":"2019-01-24T18:14:17","slug":"acerca-de","status":"publish","type":"page","link":"https:\/\/urseva.urse.edu.mx\/index.php\/acerca-de\/","title":{"rendered":"Acerca de"},"content":{"rendered":"<p>El nombre del proyecto, deriva de las siglas Universidad Regional del Sureste (URSE) y las siglas Entorno Virtual de Aprendizaje (EVA): URSEva<\/p>\n<p>La URSE, vista por la comunidad Oaxaque\u00f1a como un agente de cambio y desarrollo y con la Misi\u00f3n de: &#8220;Formar profesionales para contribuir al desarrollo de su \u00e1mbito profesional&#8221;, est\u00e1 comprometida a dise\u00f1ar propuestas a partir de las cuales puedan estructurar una planificaci\u00f3n formativa coherente y coordinada, dirigida a grupos espec\u00edficos y como respuesta a necesidades concretas.<\/p>\n<p>Los programas que se operan en esta modalidad son:<\/p>\n<ul>\n<li>Educaci\u00f3n Continua<\/li>\n<li>Licenciatura\n<ul>\n<li>Licenciatura en contadur\u00eda y estrategias financieras<\/li>\n<li>Licenciatura en administraci\u00f3n y negocios<\/li>\n<\/ul>\n<\/li>\n<li>Maestr\u00edas<\/li>\n<\/ul>\n","protected":false},"excerpt":{"rendered":"<p>El nombre del proyecto, deriva de las siglas Universidad Regional del Sureste (URSE) y las siglas Entorno Virtual de Aprendizaje (EVA): URSEva La URSE, vista [&hellip;]<\/p>\n","protected":false},"author":3,"featured_media":39,"parent":0,"menu_order":0,"comment_status":"closed","ping_status":"closed","template":"","meta":[],"_links":{"self":[{"href":"https:\/\/urseva.urse.edu.mx\/index.php\/wp-json\/wp\/v2\/pages\/14"}],"collection":[{"href":"https:\/\/urseva.urse.edu.mx\/index.php\/wp-json\/wp\/v2\/pages"}],"about":[{"href":"https:\/\/urseva.urse.edu.mx\/index.php\/wp-json\/wp\/v2\/types\/page"}],"author":[{"embeddable":true,"href":"https:\/\/urseva.urse.edu.mx\/index.php\/wp-json\/wp\/v2\/users\/3"}],"replies":[{"embeddable":true,"href":"https:\/\/urseva.urse.edu.mx\/index.php\/wp-json\/wp\/v2\/comments?post=14"}],"version-history":[{"count":5,"href":"https:\/\/urseva.urse.edu.mx\/index.php\/wp-json\/wp\/v2\/pages\/14\/revisions"}],"predecessor-version":[{"id":498,"href":"https:\/\/urseva.urse.edu.mx\/index.php\/wp-json\/wp\/v2\/pages\/14\/revisions\/498"}],"wp:featuredmedia":[{"embeddable":true,"href":"https:\/\/urseva.urse.edu.mx\/index.php\/wp-json\/wp\/v2\/media\/39"}],"wp:attachment":[{"href":"https:\/\/urseva.urse.edu.mx\/index.php\/wp-json\/wp\/v2\/media?parent=14"}],"curies":[{"name":"wp","href":"https:\/\/api.w.org\/{rel}","templated":true}]}}