{"id":1573,"date":"2020-09-03T09:58:06","date_gmt":"2020-09-03T15:58:06","guid":{"rendered":"https:\/\/urseva.urse.edu.mx\/index.php\/espacio-universitario-copy\/"},"modified":"2026-03-05T11:43:31","modified_gmt":"2026-03-05T17:43:31","slug":"espacio-universitario-40","status":"publish","type":"page","link":"https:\/\/urseva.urse.edu.mx\/index.php\/espacio-universitario\/numeros-anteriores\/espacio-universitario-40\/","title":{"rendered":"Revista Espacio Universitario A\u00f1o 2 No. 3"},"content":{"rendered":"\t\t<div data-elementor-type=\"wp-page\" data-elementor-id=\"1573\" class=\"elementor elementor-1573\" data-elementor-settings=\"[]\">\n\t\t\t\t\t\t<div class=\"elementor-inner\">\n\t\t\t\t\t\t\t<div class=\"elementor-section-wrap\">\n\t\t\t\t\t\t\t<section class=\"elementor-section elementor-top-section elementor-element elementor-element-58c1fd11 elementor-section-stretched elementor-section-full_width elementor-section-height-default elementor-section-height-default\" data-id=\"58c1fd11\" data-element_type=\"section\" data-settings=\"{&quot;stretch_section&quot;:&quot;section-stretched&quot;}\">\n\t\t\t\t\t\t<div class=\"elementor-container elementor-column-gap-extended\">\n\t\t\t\t\t\t\t<div class=\"elementor-row\">\n\t\t\t\t\t<div class=\"elementor-column elementor-col-50 elementor-top-column elementor-element elementor-element-2bb2b22\" data-id=\"2bb2b22\" data-element_type=\"column\">\n\t\t\t<div class=\"elementor-column-wrap elementor-element-populated\">\n\t\t\t\t\t\t\t<div class=\"elementor-widget-wrap\">\n\t\t\t\t\t\t<div class=\"elementor-element elementor-element-f77caa4 elementor-widget elementor-widget-text-editor\" data-id=\"f77caa4\" data-element_type=\"widget\" data-widget_type=\"text-editor.default\">\n\t\t\t\t<div class=\"elementor-widget-container\">\n\t\t\t\t\t\t\t\t<div class=\"elementor-text-editor elementor-clearfix\">\n\t\t\t\t\t\t\t\t\t<\/div>\n\t\t\t\t\t\t<\/div>\n\t\t\t\t<\/div>\n\t\t\t\t<div class=\"elementor-element elementor-element-6e94c59 elementor-widget elementor-widget-image\" data-id=\"6e94c59\" data-element_type=\"widget\" data-widget_type=\"image.default\">\n\t\t\t\t<div class=\"elementor-widget-container\">\n\t\t\t\t\t\t\t\t<div class=\"elementor-image\">\n\t\t\t\t\t\t\t\t\t\t\t\t\t<a href=\"https:\/\/www.calameo.com\/read\/008163450248dcc28aa51?authid=ekH5r5KTCVv8\" target=\"_blank\">\n\t\t\t\t\t\t\t<img width=\"220\" height=\"300\" src=\"https:\/\/urseva.urse.edu.mx\/wp-content\/uploads\/2024\/09\/portada_a2_n3-220x300.png\" class=\"attachment-medium size-medium\" alt=\"\" loading=\"lazy\" srcset=\"https:\/\/urseva.urse.edu.mx\/wp-content\/uploads\/2024\/09\/portada_a2_n3-220x300.png 220w, https:\/\/urseva.urse.edu.mx\/wp-content\/uploads\/2024\/09\/portada_a2_n3.png 604w\" sizes=\"(max-width: 220px) 100vw, 220px\" \/>\t\t\t\t\t\t\t\t<\/a>\n\t\t\t\t\t\t\t\t\t\t\t\t\t\t<\/div>\n\t\t\t\t\t\t<\/div>\n\t\t\t\t<\/div>\n\t\t\t\t<div class=\"elementor-element elementor-element-282040a elementor-widget elementor-widget-text-editor\" data-id=\"282040a\" data-element_type=\"widget\" data-widget_type=\"text-editor.default\">\n\t\t\t\t<div class=\"elementor-widget-container\">\n\t\t\t\t\t\t\t\t<div class=\"elementor-text-editor elementor-clearfix\">\n\t\t\t\t<div style=\"text-shadow: 2px 2px 2px #B9975B;\">\n<h4><strong>COMIT\u00c9 EDITORIAL<\/strong><\/h4>\n<\/div>\n<p><style>\n@import url('https:\/\/fonts.googleapis.com\/css?family=Lora&display=swap');<br \/>h5   {font-family: 'Lora', serif;<br \/>font-size: .63em; font-weight: bolder;}<br \/><\/style><\/p>\n<div style=\"font-family: 'Lora', serif;\">\n<div>\n<div style=\"font-family: 'Lora', serif; font-size: 1.0em; font-weight: bolder;\">M.D.F. Miguel \u00c1ngel Hern\u00e1ndez Mendoza\u00a0<\/div>\n<\/div>\n<div style=\"font-size: 0.85em;\">Rector<\/div>\n<div style=\"font-family: 'Lora', serif; font-size: 1.0em; font-weight: bolder;\">M.A.E. Margarita Ric\u00e1rdez Smith<\/div>\n<div style=\"font-size: 0.85em;\">Directora General de Asuntos Acad\u00e9micos<\/div>\n<div style=\"font-family: 'Lora', serif; font-size: 1.0em; font-weight: bolder;\">M.A. Claudia Patricia Reyes S\u00e1nchez<\/div>\n<div style=\"font-size: 0.85em;\">Directora General de Asuntos Estudiantiles<\/div>\n<div>\n<div style=\"font-family: 'Lora', serif; font-size: 1.0em; font-weight: bolder;\">L.A. Nashelly Cl\u00edmaco Hern\u00e1ndez<\/div>\n<div style=\"font-size: 0.85em;\">Jefa de la Unidad de Acreditaci\u00f3n y Certificaci\u00f3n<\/div>\n<\/div>\n<div style=\"font-family: 'Lora', serif; font-size: 1.0em; font-weight: bolder;\">M. en C. Patricia Vargas Ben\u00edtez<\/div>\n<div style=\"font-size: 0.85em;\">Coordinadora General de Investigaci\u00f3n<\/div>\n<div style=\"text-shadow: 2px 2px 2px #B9975B;\"><b>DISE\u00d1O EDITORIAL<\/b><\/div>\n<div style=\"font-size: 0.85em;\">M.L.A.E. Rosa Araceli Valenzuela Ric\u00e1rdez<\/div>\n<div style=\"font-size: 0.85em;\">L. I. Marco Antonio Mart\u00ednez Z\u00e1rate<\/div>\n<div style=\"font-size: 0.85em;\">L.D.G. Luis L\u00f3pez Hern\u00e1ndez<\/div>\n<div style=\"font-size: 0.85em;\">\u00a0<\/div>\n<\/div>\t\t\t\t\t<\/div>\n\t\t\t\t\t\t<\/div>\n\t\t\t\t<\/div>\n\t\t\t\t<div class=\"elementor-element elementor-element-eb311a4 elementor-widget elementor-widget-text-editor\" data-id=\"eb311a4\" data-element_type=\"widget\" data-widget_type=\"text-editor.default\">\n\t\t\t\t<div class=\"elementor-widget-container\">\n\t\t\t\t\t\t\t\t<div class=\"elementor-text-editor elementor-clearfix\">\n\t\t\t\t<div style=\"text-shadow: 2px 2px 2px #B9975B;\">\n<h4><strong>CRITERIOS EDITORIALES<\/strong><\/h4>\n<\/div>\n<div class=\"wp-block-file\"><a class=\"wp-block-file__button\" href=\"https:\/\/urseva.urse.edu.mx\/index.php\/espacio-universitario\/criterios-editoriales-41\/\">Ver Criterios<\/a><\/div>\t\t\t\t\t<\/div>\n\t\t\t\t\t\t<\/div>\n\t\t\t\t<\/div>\n\t\t\t\t<div class=\"elementor-element elementor-element-17b6c2c elementor-widget elementor-widget-text-editor\" data-id=\"17b6c2c\" data-element_type=\"widget\" data-widget_type=\"text-editor.default\">\n\t\t\t\t<div class=\"elementor-widget-container\">\n\t\t\t\t\t\t\t\t<div class=\"elementor-text-editor elementor-clearfix\">\n\t\t\t\t<div style=\"text-shadow: 2px 2px 2px #B9975B;\">\n<h4><strong>GU\u00cdA APA S\u00c9PTIMA EDICI\u00d3N <\/strong><\/h4>\nAdaptaci\u00f3n Editorial para publicaci\u00f3n en la<\/div>\n<div style=\"text-shadow: 2px 2px 2px #B9975B;\">Revista Espacio Universitario<\/div>\n<div class=\"wp-block-file\"><a class=\"wp-block-file__button\" href=\"https:\/\/urseva.urse.edu.mx\/wp-content\/uploads\/2020\/03\/guia_apa_7a_edicion.pdf\" target=\"_blank\" rel=\"noopener\">Ver Gu\u00eda<\/a><\/div>\t\t\t\t\t<\/div>\n\t\t\t\t\t\t<\/div>\n\t\t\t\t<\/div>\n\t\t\t\t<div class=\"elementor-element elementor-element-804b836 elementor-widget elementor-widget-text-editor\" data-id=\"804b836\" data-element_type=\"widget\" data-widget_type=\"text-editor.default\">\n\t\t\t\t<div class=\"elementor-widget-container\">\n\t\t\t\t\t\t\t\t<div class=\"elementor-text-editor elementor-clearfix\">\n\t\t\t\t<div style=\"text-shadow: 2px 2px 2px #B9975B;\">\n<h4><strong>ACERCA DE LOS AUTORES<\/strong><\/h4>\n<\/div>\n<div class=\"wp-block-file\"><a class=\"wp-block-file__button\" href=\"https:\/\/urseva.urse.edu.mx\/wp-content\/uploads\/2024\/09\/Colaboradores-de-la-Revista-Espacio-No.-3-1.pdf\" download=\"\">Ver&#8230;<\/a><\/div>\t\t\t\t\t<\/div>\n\t\t\t\t\t\t<\/div>\n\t\t\t\t<\/div>\n\t\t\t\t<div class=\"elementor-element elementor-element-ade11bb elementor-widget elementor-widget-text-editor\" data-id=\"ade11bb\" data-element_type=\"widget\" data-widget_type=\"text-editor.default\">\n\t\t\t\t<div class=\"elementor-widget-container\">\n\t\t\t\t\t\t\t\t<div class=\"elementor-text-editor elementor-clearfix\">\n\t\t\t\t<div style=\"text-shadow: 2px 2px 2px #B9975B;\">\n<h4><strong>N\u00daMEROS ANTERIORES<\/strong><\/h4>\n<\/div>\n<div class=\"wp-block-file\"><a class=\"wp-block-file__button\" href=\"https:\/\/urseva.urse.edu.mx\/index.php\/espacio-universitario\/numeros-anteriores\/\">Ver<\/a><\/div>\t\t\t\t\t<\/div>\n\t\t\t\t\t\t<\/div>\n\t\t\t\t<\/div>\n\t\t\t\t<div class=\"elementor-element elementor-element-f48903c elementor-widget elementor-widget-text-editor\" data-id=\"f48903c\" data-element_type=\"widget\" data-widget_type=\"text-editor.default\">\n\t\t\t\t<div class=\"elementor-widget-container\">\n\t\t\t\t\t\t\t\t<div class=\"elementor-text-editor elementor-clearfix\">\n\t\t\t\t<div style=\"text-shadow: 2px 2px 2px #B9975B;\">\n<h4><strong>CONTACTO<\/strong><\/h4>\n<\/div>\n<b>revistaespacio@urse.edu.mx<\/b>\t\t\t\t\t<\/div>\n\t\t\t\t\t\t<\/div>\n\t\t\t\t<\/div>\n\t\t\t\t\t\t<\/div>\n\t\t\t\t\t<\/div>\n\t\t<\/div>\n\t\t\t\t<div class=\"elementor-column elementor-col-50 elementor-top-column elementor-element elementor-element-74435b7e\" data-id=\"74435b7e\" data-element_type=\"column\">\n\t\t\t<div class=\"elementor-column-wrap elementor-element-populated\">\n\t\t\t\t\t\t\t<div class=\"elementor-widget-wrap\">\n\t\t\t\t\t\t<div class=\"elementor-element elementor-element-2e4acd4f elementor-widget elementor-widget-text-editor\" data-id=\"2e4acd4f\" data-element_type=\"widget\" data-widget_type=\"text-editor.default\">\n\t\t\t\t<div class=\"elementor-widget-container\">\n\t\t\t\t\t\t\t\t<div class=\"elementor-text-editor elementor-clearfix\">\n\t\t\t\t<!-- wp:paragraph -->\n<p>\u00a0<\/p>\n<!-- \/wp:paragraph --><!-- wp:heading {\"level\":4} -->\n<h4>Revista Espacio Universitario. A\u00f1o 2. No. 3. Septiembre 2020<\/h4>\n<!-- \/wp:heading --><!-- wp:separator --><hr class=\"wp-block-separator\" \/><!-- \/wp:separator --><!-- wp:heading {\"level\":4} -->\n<h4><strong>Editorial<\/strong><\/h4>\n<!-- \/wp:heading --><!-- wp:html -->\n<div class=\"wp-block-file\"><a class=\"wp-block-file__button\" href=\"https:\/\/urseva.urse.edu.mx\/wp-content\/uploads\/2020\/09\/Editorial.pdf\" download=\"\">Descarga PDF<\/a><\/div>\n<!-- \/wp:html --><!-- wp:separator --><hr class=\"wp-block-separator\" \/><!-- \/wp:separator --><!-- wp:html -->\n<div style=\"background-color: #b9975b; border-style: solid; border-color: black; text-align: center;\">\n<h5 style=\"color: white;\">Art\u00edculos Originales<\/h5>\n<\/div>\n<!-- \/wp:html --><!-- wp:html -->\n<p>\u00a0<\/p>\n<h4 style=\"text-align: justify;\"><strong>Importancia del Servicio de Soporte Nutricional en el paciente critico infectado por Coronavirus SARS COV-2 (Covid-19)<\/strong><\/h4>\n<!-- \/wp:html --><!-- wp:html -->\n<p style=\"text-align: justify;\">Pablo Francisco Aldo.<\/p>\n<!-- \/wp:html --><!-- wp:html -->\n<div class=\"wp-block-file\"><a class=\"wp-block-file__button\" href=\"https:\/\/urseva.urse.edu.mx\/wp-content\/uploads\/2024\/09\/1.-Importancia-del-servicio-de-soporte-Nutricional-en-el-paciente-infectado-por-COVID-19.pdf\" download=\"\">Descarga PDF<\/a><\/div>\n<!-- \/wp:html --><!-- wp:separator --><hr class=\"wp-block-separator\" \/><!-- \/wp:separator --><!-- wp:html -->\n<h4 style=\"text-align: justify;\"><strong>Impacto del proceso de evaluaci\u00f3n del desempe\u00f1o docente de la Escuela de Nutrici\u00f3n, URSE 2019<\/strong><\/h4>\n<!-- \/wp:html --><!-- wp:html -->\n<p style=\"text-align: justify;\">Neri Caballero Enrique Salvador.<\/p>\n<!-- \/wp:html --><!-- wp:html -->\n<div class=\"wp-block-file\"><a class=\"wp-block-file__button\" href=\"https:\/\/urseva.urse.edu.mx\/wp-content\/uploads\/2024\/09\/2.-Impacto-del-Proceso-de-evalucion-del-desempeno-docente-de-la-Escuela-de-Nutricion.pdf\" download=\"\">Descarga PDF<\/a><\/div>\n<!-- \/wp:html --><!-- wp:separator --><hr class=\"wp-block-separator\" \/><!-- \/wp:separator --><!-- wp:heading {\"level\":4} -->\n<h4 style=\"text-align: justify;\"><strong>Cronolog\u00eda de Erupci\u00f3n del Segundo Molar Permanente en Ni\u00f1os Oaxaque\u00f1os<\/strong><\/h4>\n<!-- \/wp:heading --><!-- wp:html -->\n<p style=\"text-align: justify;\">P\u00e9rez P\u00e9rez Nora G.<\/p>\n<!-- \/wp:html --><!-- wp:file {\"id\":1546,\"href\":\"https:\/\/urseva.urse.edu.mx\/wp-content\/uploads\/2020\/02\/Estudio-de-Clima-Organizacional.pdf\"} -->\n<div class=\"wp-block-file\"><a class=\"wp-block-file__button\" href=\"https:\/\/urseva.urse.edu.mx\/wp-content\/uploads\/2024\/09\/3.-Cronologia-de-Erupcion-del-Segundo-Molar-Permanente-en-Ninos-Oaxaquenos.pdf\" download=\"\">Descarga PDF<\/a><\/div>\n<!-- \/wp:file --><!-- wp:separator --><hr class=\"wp-block-separator\" \/><!-- \/wp:separator --><!-- wp:heading {\"level\":4} -->\n<h4 style=\"text-align: justify;\"><strong>Determinantes Asociados con Automedicaci\u00f3n en el Municipio de San Antonio de la Cal, Oaxaca<\/strong><\/h4>\n<!-- \/wp:heading --><!-- wp:html -->\n<p style=\"text-align: justify;\">Luna Torres Eduardo, Mart\u00ednez Triunfo Arantxa, Ram\u00edrez Toledo Nadia, Reyes Luis Diana, Fuentes Hern\u00e1ndez Alexis, Vargas Ben\u00edtez Patricia.<\/p>\n<!-- \/wp:html --><!-- wp:html -->\n<div class=\"wp-block-file\"><a class=\"wp-block-file__button\" href=\"https:\/\/urseva.urse.edu.mx\/wp-content\/uploads\/2024\/09\/4.-Determinantes-Asociados-con-automedicacion-en-el-Municipio-de-San-Antonio-de-la-Cal.pdf\" download=\"\">Descarga PDF<\/a><\/div>\n<!-- \/wp:html --><!-- wp:separator --><hr class=\"wp-block-separator\" \/><!-- \/wp:separator --><!-- wp:heading {\"level\":4} -->\n<h4 style=\"text-align: justify;\"><strong>Grado de conocimientos terminal en estudiantes de la Escuela de Nutrici\u00f3n, URSE 2019<\/strong><\/h4>\n<!-- \/wp:heading --><!-- wp:html -->\n<p style=\"text-align: justify;\">L\u00f3pez Castellanos Silvia Lois, Neri Caballero Enrique Salvador.<\/p>\n<!-- \/wp:html --><!-- wp:html -->\n<div class=\"wp-block-file\"><a class=\"wp-block-file__button\" href=\"https:\/\/urseva.urse.edu.mx\/wp-content\/uploads\/2024\/09\/5.-Grado-de-conocimientos-terminal-en-estudiantes-de-la-Escuela-de-Nutricion.pdf\" download=\"\">Descarga PDF<\/a><\/div>\n<!-- \/wp:html --><!-- wp:separator --><hr class=\"wp-block-separator\" \/><!-- \/wp:separator --><!-- wp:html -->\n<div style=\"background-color: #b9975b; border-style: solid; border-color: black; text-align: center;\">\n<h5 style=\"color: white;\">Ensayos Originales<\/h5>\n<\/div>\n<!-- \/wp:html --><!-- wp:html -->\n<p>\u00a0<\/p>\n<h4 style=\"text-align: justify;\"><strong>Chomsky y Bordieu: una visi\u00f3n del lenguaje<\/strong><\/h4>\n<!-- \/wp:html --><!-- wp:html -->\n<p style=\"text-align: justify;\">Valenzuela Ric\u00e1rdez Rosa Araceli.<\/p>\n<!-- \/wp:html --><!-- wp:html -->\n<div class=\"wp-block-file\"><a class=\"wp-block-file__button\" href=\"https:\/\/urseva.urse.edu.mx\/wp-content\/uploads\/2024\/09\/6.-Chomsky-y-Bordie-Una-vision-del-Lenguaje.pdf\" download=\"\">Descarga PDF<\/a><\/div>\n<!-- \/wp:html --><!-- wp:separator --><hr class=\"wp-block-separator\" \/><!-- \/wp:separator --><!-- wp:heading {\"level\":4} -->\n<h4 style=\"text-align: justify;\"><strong>Consumo de Cigarro en Universitarios<\/strong><\/h4>\n<!-- \/wp:heading --><!-- wp:html -->\n<p style=\"text-align: justify;\">Agust\u00edn Cabrera Astrid, D\u00edaz Orozco Harumi Dzoara, Espinosa Erasmo Oscar Cuitlahuac, Garc\u00eda Miguel Felipe, Santiago L\u00f3pez Lisa Mayte, Cruz Cruz Etzel.<\/p>\n<!-- \/wp:html --><!-- wp:html -->\n<div class=\"wp-block-file\"><a class=\"wp-block-file__button\" href=\"https:\/\/urseva.urse.edu.mx\/wp-content\/uploads\/2024\/09\/7.-Consumo-de-Cigarro-en-Universitarios.pdf\" download=\"\">Descarga PDF<\/a><\/div>\n<!-- \/wp:html --><!-- wp:separator --><hr class=\"wp-block-separator\" \/><!-- \/wp:separator --><!-- wp:html -->\n<h4 style=\"text-align: justify;\"><strong>El Rugir de las Panteras Negras<\/strong><\/h4>\n<!-- \/wp:html --><!-- wp:html -->\n<p style=\"text-align: justify;\">Frisari Spartaco.<\/p>\n<!-- \/wp:html --><!-- wp:html -->\n<div class=\"wp-block-file\"><a class=\"wp-block-file__button\" href=\"https:\/\/urseva.urse.edu.mx\/wp-content\/uploads\/2024\/09\/8.-El-Rugir-de-las-Panteras-Negras.pdf\" download=\"\">Descarga PDF<\/a><\/div>\n<!-- \/wp:html --><!-- wp:separator --><hr class=\"wp-block-separator\" \/><!-- \/wp:separator --><!-- wp:heading {\"level\":4} -->\n<h4 style=\"text-align: justify;\"><strong>Dieta cetog\u00e9nica como coadyuvante en el tratamiento de la epilepsia infantil <\/strong><\/h4>\n<!-- \/wp:heading --><!-- wp:paragraph -->\n<p>Chi\u00f1as Orozco Paulina Coral, Gallardo Toledo Maritza Ximena, Magall\u00f3n Gonz\u00e1lez Aneth Jacqueline, Velasco L\u00e1zaro Zaira Mariana, Cruz Cruz Etzel<\/p>\n<!-- \/wp:paragraph --><!-- wp:html -->\n<div class=\"wp-block-file\"><a class=\"wp-block-file__button\" href=\"https:\/\/urseva.urse.edu.mx\/wp-content\/uploads\/2024\/09\/9.-Dieta-cetogenica-como-coadyuvante-en-el-tratamiento-de-la-epilepsia-infantil-1-22.pdf\" download=\"\">Descarga PDF<\/a><\/div>\n<!-- \/wp:html -->\t\t\t\t\t<\/div>\n\t\t\t\t\t\t<\/div>\n\t\t\t\t<\/div>\n\t\t\t\t\t\t<\/div>\n\t\t\t\t\t<\/div>\n\t\t<\/div>\n\t\t\t\t\t\t\t\t<\/div>\n\t\t\t\t\t<\/div>\n\t\t<\/section>\n\t\t\t\t\t\t<\/div>\n\t\t\t\t\t\t<\/div>\n\t\t\t\t\t<\/div>\n\t\t","protected":false},"excerpt":{"rendered":"<p>COMIT\u00c9 EDITORIAL M.D.F. Miguel \u00c1ngel Hern\u00e1ndez Mendoza\u00a0 Rector M.A.E. Margarita Ric\u00e1rdez Smith Directora General de Asuntos Acad\u00e9micos M.A. Claudia Patricia Reyes S\u00e1nchez Directora General de [&hellip;]<\/p>\n","protected":false},"author":1,"featured_media":2560,"parent":1100,"menu_order":0,"comment_status":"closed","ping_status":"closed","template":"","meta":[],"_links":{"self":[{"href":"https:\/\/urseva.urse.edu.mx\/index.php\/wp-json\/wp\/v2\/pages\/1573"}],"collection":[{"href":"https:\/\/urseva.urse.edu.mx\/index.php\/wp-json\/wp\/v2\/pages"}],"about":[{"href":"https:\/\/urseva.urse.edu.mx\/index.php\/wp-json\/wp\/v2\/types\/page"}],"author":[{"embeddable":true,"href":"https:\/\/urseva.urse.edu.mx\/index.php\/wp-json\/wp\/v2\/users\/1"}],"replies":[{"embeddable":true,"href":"https:\/\/urseva.urse.edu.mx\/index.php\/wp-json\/wp\/v2\/comments?post=1573"}],"version-history":[{"count":112,"href":"https:\/\/urseva.urse.edu.mx\/index.php\/wp-json\/wp\/v2\/pages\/1573\/revisions"}],"predecessor-version":[{"id":4061,"href":"https:\/\/urseva.urse.edu.mx\/index.php\/wp-json\/wp\/v2\/pages\/1573\/revisions\/4061"}],"up":[{"embeddable":true,"href":"https:\/\/urseva.urse.edu.mx\/index.php\/wp-json\/wp\/v2\/pages\/1100"}],"wp:featuredmedia":[{"embeddable":true,"href":"https:\/\/urseva.urse.edu.mx\/index.php\/wp-json\/wp\/v2\/media\/2560"}],"wp:attachment":[{"href":"https:\/\/urseva.urse.edu.mx\/index.php\/wp-json\/wp\/v2\/media?parent=1573"}],"curies":[{"name":"wp","href":"https:\/\/api.w.org\/{rel}","templated":true}]}}